alue of -2 + (8 - 27) + (-3 - (-4 - -1))?
-21
Calculate (-9 - -4) + (-6 - (-21 + 6)) + 1.
5
Calculate 20 + -19 - -10 - (31 + -1).
-19
What is (0 + -4 - 2) + 1 + 10?
5
Evaluate -43 + 40 + 5 + 0 - (-128 - -132).
-2
What is the value of 10 + 1 - ((-38 - -74) + -54)?
29
59 - (37 - -18 - 22)
26
-142 - -150 - (10 - -1)
-3
What is -11 + -2 - (3 + -6 + 5 + 1)?
-16
Calculate 4 - -7 - ((-9 - -10) + -4).
14
(3 - 5) + 6 - (5 + 9)
-10
3 + -8 + 3 + -3 + 1
-4
What is the value of 13 - -2 - (0 + 4 - -3)?
8
What is the value of -1 - 7 - (2 + (-7 - -3)) - -13?
7
What is the value of 18 - (0 + 1) - (-31 - -5 - -33)?
10
-5 + 1 - (-19 + (12 - -12))
-9
What is 9 - (58 - (-3 - (10 - 22)))?
-40
Evaluate (-5 - (3 - (12 - -6))) + 2 + 3.
15
What is the value of -11 - -11 - 4 - 0 - (-1 + -22)?
19
What is the value of 12 + 2 - (-10 - (-24 + 9))?
9
Calculate (19 - (3 - -8)) + 18 + -15.
11
(-5 - 0) + -2 + 2 + -4
-9
What is (-17 - -21 - 12) + 12?
4
What is the value of -8 - (1 - (2 + 9)) - (12 - 1)?
-9
Calculate -9 + (-13 + 50 - 5).
23
What is the value of (36 - 63 - (-2 + -7)) + -1 + 8?
-11
What is the value of (0 - (24 + -1)) + -29 + -17 + 51?
-18
Calculate -23 + (-28 - -21 - -18).
-12
1 - -15 - (19 + -13 - (-3 - -4))
11
What is 7 + (-7 + -6 - -4) + (0 - -7)?
5
Evaluate (7 + -8 - -17) + -7.
9
What is the value of -53 + (-31 - -74) - (1 - -12)?
-23
-7 - 11 - 1 - 0 - -8
-11
Calculate -4 - (5 - (-2 - -19)) - (-22 + 1).
29
What is -6 - 0 - -13 - (-1 + -2 + 2)?
8
Evaluate (8 - -9) + -5 + -3.
9
What is 1 - (34 + -16) - 2 - -12?
-7
What is (-10 + 2 - -2) + (-16 - -10 - -5)?
-7
Calculate (2 - 53) + (-826 - -870).
-7
4 + -8 + 23 - 5
14
Calculate 5 - (48 + -23 - -4).
-24
What is -11 + 9 + -33 + 11 + 17?
-7
What is the value of 6 + 7 + -4 + -24?
-15
What is the value of (-5 - 3) + (-10 - -20)?
2
What is -45 + 39 - (1 - ((-2 - -11) + -2))?
0
What is the value of -255 + 260 + 1 + -1 + (1 - -1)?
7
What is the value of (172 - 171) + (-2 - 27)?
-28
12 - -34 - (4 + 29)
13
-16 + 11 + 4 + -12 + 4
-9
Calculate 0 + (6 - (7 - 0 - (-9 - -12))).
2
Evaluate (12 - -7 - 6) + -19 - -2.
-4
15 - (-9 + -10 + 11 - -44)
-21
Evaluate -13 + 15 + 14 + -11.
5
-5 + (-5 - 18 - -12)
-16
What is the value of 7 - (11 - 8) - (-20 + 11)?
13
(3 - 12) + (-3 - -14) + 9
11
Evaluate 2 + -3 - (6 + 7 + -28 + 20).
-6
What is the value of 34 + -49 - (-25 - (7 + -2))?
15
Evaluate 11 + -2 + -12 + (9 - 2 - -5).
9
Calculate -2 + 5 + -3 + -3 + 15 - 1.
11
What is -10 - (-19 - -4 - -8)?
-3
What is -12 - (-3 - ((7 - -4) + -6))?
-4
What is the value of -12 + (4 - (6 - (7 - -3)) - -37)?
33
What is the value of 13 + -10 - 12 - -32 - 12?
11
Evaluate (-10 - (-25 - -4) - 12) + 7.
6
Evaluate -32 + 34 + -20 - -27.
9
(2 - 3) + 50 + -50
-1
-19 + -4 - (-1 + (-8 - 1 - -8))
-21
What is the value of (-6 + (17 - 12) - -7) + 2?
8
What is the value of 1 + 32 - (32 - (0 + 28))?
29
What is 13 + -37 + 12 - 0?
-12
(6 - (8 - 14)) + 1
13
What is the value of 2 + 0 + (0 + 3 - -3) - -3?
11
What is (4 + 5 + -4 - 0) + (-12 - 9)?
-16
-2 + (12 - ((-9 - 4) + 6)) + -6
11
Evaluate -20 + (5 - -12) + 5.
2
What is -138 + 139 + -3 + -1?
-3
-3 + -4 + -1 + 17 + 6
15
Calculate (0 + -12 - (1 + -2)) + 8.
-3
What is the value of -7 + 3 + (-190 - -203)?
9
Evaluate 45 + -49 + -1 + 17 + -1.
11
What is -22 + (-9 - 7 - (-1 - 6)) + 0?
-31
16 - (11 + (3 - (5 - 13)))
-6
Calculate (20 + -18 + 13 - -3) + -40.
-22
Evaluate 1 - 4 - ((-16 + -10 - -16) + 16).
-9
What is (-4 - (-6 + 6)) + 8 + -1 - 1?
2
What is -11 + (16 - 19 - 0)?
-14
Evaluate (0 - 6) + -2 + (-15 + -2 - -26).
1
What is 5 + -10 - -12 - (13 - (6 - 3))?
-3
Evaluate -138 + 125 + 1 + -19 + 0.
-31
Calculate 14 - (19 - 8) - 26.
-23
Evaluate -21 + (-31 - -46) + (5 - -1).
0
-18 + -11 + (-7 + 15 - 11) + 7
-25
Evaluate 1885 + -1894 - (2 + 0 + -1).
-10
(-5 - (0 + 6 + -23)) + (14 - 23)
3
Evaluate -7 + 35 + (-21 - -11) + 0.
18
What is 4 + (4 + 0 - (10 - (-31 - -18)))?
-15
-2 + -12 - (16 + -21 - (-1 + 0))
-10
18 + 3 - (31 - 27)
17
Calculate (-20 - (4 + -16)) + -3 + -14.
-25
-3 + (29 + -18 - (36 - 1)) + -4
-31
What is 60 - 73 - (-23 + 4)?
6
Evaluate 13 + -1 - (20 + (74 - 107)).
25
What is -5 + (-18 - -29) + (4 - (5 - 2))?
7
-392 + 362 + -3 + 38
5
What is the value of 3 + (-4 - (9 + -13 + 4))?
-1
What is -24 + (0 - 0 - (-38 - -26))?
-12
3 - ((-10 - (6 + -8)) + 1)
10
Calculate 9 + (-18 - -3) + 3.
-3
What is the value of (-1 - 5) + 1197 + -1200?
-9
4 + (-11 - 4) - (-16 + -4)
9
What is the value of -14 + (-67 - -21 - -15) + (1 - -9)?
-35
Evaluate 32 + (-10 + -8 - 1).
13
Calculate -8 + (-5 - (17 - 19)) - (-6 - -1).
-6
What is (16 - -1) + 34 + (66 - 95)?
22
Evaluate -42 + 18 + (-26 - -60).
10
Calculate 12 + -6 + (-3 - (-1 + 3)).
1
Evaluate -111 - -106 - (4 - -5).
-14
Evaluate (4 - -2) + (11 - 22).
-5
-3 + -32 + (-6 - -4) + 21 + -17
-33
What is the value of (-1 - 11) + -7 + 2 + -2 + 7?
-12
What is (-14 - 5 - -31) + 25 + 2 + -3?
36
-3 + (8 + 12 - 23)
-6
Calculate (-7 - -4) + (-3 - -8) - -5.
7
What is the value of 11 + -4 + 1 + -11 + 0?
-3
Evaluate (120 - 80) + (5 - 21).
24
(9 - -4) + -10 + -5 - (4 + 0)
-6
What is the value of -44 + 12 + 28 - (-2 + (23 - 2))?
-23
(10 - -2) + -24 + 21
9
Calculate 1 - (-128 - -134 - (-3 + (-3 - -1))).
-10
Evaluate 3 + (-4 + (-7 - -14) - 4) + 0.
2
Evaluate 17 + (16 - 7) + -11.
15
Evaluate -17 + 32 + -19 - (3 + -3).
-4
Calculate -1 - (21 + -6 + -1).
-15
13 + -13 + 7 + -1
6
Evaluate 13 + -17 + 0 + (4 - 2) + 2.
0
Evaluate -20 - (-18 + (54 - 12) + -10).
-34
(-17 + 5 + 37 + -17 - 5) + -2
1
Calculate (5 - (-9 + 20)) + 6.
0
-24 - (24 + -62) - (-3 - -3 - -9)
5
What is the value of (0 - -9) + (1 - -4) + (-25 - -18)?
7
Evaluate (16 - (7 - -1) - -3) + 9.
20
1 + 7 + 114 + -117 + -4
1
Evaluate ((11 - 8) + -4 - -5) + (0 - 1).
3
2 - (-12 - (9 - 16))
7
What is the value of 24 + -32 + (-15 + 4 - -1)?
-18
What is 1 - ((15 - 11) + -5 - (-2 - 10))?
-10
Calculate 5 + -4 + (-10 - (2 + -5)) + 1.
-5
What is 65 - 61 - (-1 - 1) - -1?
7
Evaluate -46 - ((1 - (1 + 16 + -8)) + -3).
-35
3 + -2 + -4 - (6 + (4 - 5))
-8
Evaluate (4 - (-1 - (-7 - -16))) + -1 + -1.
12
What is the value of -7 + (4 - (8 + (0 - -8)))?
-19
Evaluate (64 - (125 - 52)) + (-1 - 0).
-10
What is (4 + -3 + -3 + -1 - -9) + 25?
31
(13 - 2) + (19 - (-12 + 31))
11
What is (-1 + (8 - 15) - -6) + 11 + -1?
8
Calculate 5 + -16 + (-6 - 4 - -7) + -3.
-17
-91 + 87 - (-7 - (-2 - 1))
0
19 - (-1 + (34 - 38))
24
Evaluate -6 + 5 + 4 + (32 - 19).
16
Calculate (-23 - -25) + (4 - (11 + -3)).
-2
Calculate (34 + -22 - (0 + 1)) + -12.
-1
What is (8 - (4 - (-9 - -8))) + 7?
10
Evaluate 7 + (-5 + 7 - 4) + -21.
-16
What is the value of (-7 - (-9 - -5)) + -11 + 8?
-6
3 - (-6 + (-3 + -3 - -10))
5
What is -13 + 0 + -20 + 42?
9
Evaluate 6 + (13 + -9 - 10) + -7.
-7
Evaluate (-23 - -12 - -18) + -4 - 6.
-3
Evaluate 4 + 2 + -10 + 11 + -12 + 4.
-1
-40 + 27 - (0 + 4 + -6)
-11
3 + (4 + -13 - -36 - 9 - 2)
19
Evaluate -2 - (-28 + 8 + 33).
-15
Calculate (-27 - -3) + (532 - 496).
12
Evaluate (-1 + 41 - (110 - 97)) + -12.
15
What is the value of -151 + 159 + (7 + -2 - 19)?
-6
Evaluate -17 - (-10 - (7 - 10)) - 3.
-13
Evaluate 6 - ((6 - (6 - 6)) + 10) - -3.
-7
Evaluate (-2 - -6 - -4) + (-18 - -25).
15
What is the value of -1 + (7 - 8) + -10?
-12
Calculate -16 + 6 + 5 + -5.
-10
What is (29 - 1) + -48 + 32 - -15?
27
What is the value of -10 - (20 + 9 + (14 - 26))?
-27
What is the value of -3 + -10 + -11 + 11 + -7?
-20
What is the value of -1 + -15 + 4 - (-96 - -81)?
3
(-72 - -44) + -5 + 19
-14
Calculate -13 + 43 + 22 - 21.
31
Calculate (-9 - (-4 - -6)) + 2 - 5.
-14
What is -7 + (-2 - 6) + -78 + 98?
5
35 - (-34 + (46 - -57))
-34
Calculate (-15 - (-23 + 10)) + (1 - -1).
0
(-9 - (-1 + 0)) + -31 + 12 + 23
-4
What is the value of 4 + ((-1 - -9) + 2 - 11)?
3
What is the value of -3 + 17 + -12 - 3?
-1
Evaluate 6 + (11 + -15 - (3 + -12)).
11
What is the value of -20 + (13 - -13) + -7?
-1
3 + (36 - 40) + -9
-10
Calculate 11 + -18 + -3 - (-3 - 0).
-7
What is the value of 1 + (11 - (-9 - (12 + -38 + 10)))?
5
What is the value of -33 + 31 + (-9 - 10)?
-21
Calculate (12 - 55) + 9 + 12 + 0.
-22
What is the value of -3 + 0 + -2 + 13 + -1 + -5?
2
What is (31 - 25) + (4 - 1 - 1) + -12?
-4
Evaluate 0 + 0 + (8 - -3) + -16.
-5
What is 24 - (-14 + (7 - -2) + 14 + 2)?
13
Evaluate -12 - -8 - (-13 + 8) - (-16 - 6).
23
Evaluate 8 + (-7 - -4) -